
Is 55 a factor of 14996300?
True
Is 7 a factor of 308087612?
True
Is 178843116 a multiple of 12?
True
Is 5129171643 a multiple of 67?
False
Is 101885208 a multiple of 8?
True
Does 27 divide 14300199?
True
Does 51 divide 16162373?
False
Does 139 divide 80978655?
False
Does 656 divide 14200730?
False
Is 40101498 a multiple of 111?
False
Does 147 divide 32129349?
True
Is 109874115 a multiple of 3965?
True
Is 15 a factor of 13400318?
False
Is 1596 a factor of 844136098?
False
Is 728115671 a multiple of 16?
False
Is 645 a factor of 249643640?
False
Does 4 divide 38161908?
True
Is 4606 a factor of 421232518?
True
Is 18 a factor of 27099564?
False
Is 9542669 a multiple of 14?
False
Does 231 divide 1224641212?
False
Does 60 divide 21588517?
False
Does 14 divide 6764663?
False
Is 29 a factor of 161306859?
False
Does 1891 divide 47313628?
False
Does 120 divide 55918082?
False
Is 14 a factor of 13316954?
True
Does 420 divide 47982060?
True
Is 21 a factor of 421158927?
True
Is 2140 a factor of 11504640?
True
Does 273 divide 331358729?
False
Is 159012501 a multiple of 19?
True
Is 274626264 a multiple of 71?
False
Does 106 divide 332773962?
True
Is 454 a factor of 106545483?
False
Is 88 a factor of 2585264?
True
Is 3669 a factor of 1898635575?
False
Is 1294893411 a multiple of 4?
False
Is 165 a factor of 315349995?
False
Is 156872415 a multiple of 185?
True
Is 1307903272 a multiple of 26?
True
Is 1058 a factor of 140122960?
False
Is 12 a factor of 132420600?
True
Is 101 a factor of 2954670889?
False
Is 603233852 a multiple of 26?
True
Is 9228110 a multiple of 3563?
False
Is 16524264 a multiple of 7?
False
Is 54 a factor of 738151758?
True
Does 973 divide 68680178?
True
Is 4913 a factor of 14788130?
True
Does 14 divide 172479111?
False
Is 13023371 a multiple of 47?
True
Is 215658124 a multiple of 374?
True
Does 920 divide 168162409?
False
Is 298630233 a multiple of 99?
True
Is 29889704 a multiple of 107?
False
Is 2337 a factor of 688274099?
False
Does 1416 divide 2421885336?
True
Is 373909432 a multiple of 164?
False
Is 14868652 a multiple of 7?
False
Is 329 a factor of 51662212?
True
Is 255 a factor of 1308365243?
False
Does 4 divide 1288682?
False
Is 182044517 a multiple of 238?
False
Is 492734500 a multiple of 100?
True
Does 28 divide 995904?
True
Is 9 a factor of 170239589?
False
Is 6982140 a multiple of 5?
True
Is 234 a factor of 42527689?
False
Is 47 a factor of 121669887?
True
Is 231 a factor of 327154399?
False
Does 273 divide 512577187?
False
Does 17 divide 6747788036?
True
Does 77 divide 115912104?
True
Does 52 divide 10768940?
True
Is 127 a factor of 27665807?
True
Is 1836 a factor of 97034436?
True
Does 29 divide 1073704585?
False
Is 13 a factor of 20391024?
False
Does 32 divide 29437632?
True
Does 64 divide 275148544?
True
Is 52 a factor of 757601897?
False
Does 62 divide 73117778?
True
Is 1024 a factor of 185770256?
False
Is 20572513 a multiple of 13?
True
Is 251 a factor of 13671468?
True
Is 83565677 a multiple of 403?
True
Is 28 a factor of 5930642816?
True
Is 1880816850 a multiple of 5?
True
Is 1802037420 a multiple of 7?
False
Does 16 divide 20170759?
False
Is 47 a factor of 20000333?
True
Does 40 divide 1020907560?
True
Is 47370518 a multiple of 12?
False
Is 881 a factor of 245322312?
False
Is 13583993 a multiple of 1807?
False
Is 1416 a factor of 35487138?
False
Does 385 divide 127955303?
False
Is 612868239 a multiple of 22?
False
Does 929 divide 24791116?
False
Does 59 divide 7433704?
False
Is 15 a factor of 63604877?
False
Is 9371 a factor of 3087007209?
False
Is 13 a factor of 83486143?
True
Is 781 a factor of 151242361?
False
Is 514480847 a multiple of 142?
False
Is 76 a factor of 1048361632?
True
Is 53225400 a multiple of 1032?
True
Does 1127 divide 1065401354?
False
Is 412 a factor of 505291220?
True
Is 3 a factor of 26105408?
False
Is 464 a factor of 332407280?
True
Does 289 divide 63977086?
True
Is 13330560 a multiple of 200?
False
Does 682 divide 322559990?
False
Is 5 a factor of 6129904?
False
Is 2062 a factor of 105688196?
False
Is 3905 a factor of 233461033?
False
Is 468129071 a multiple of 21?
False
Is 105 a factor of 90868084?
False
Is 92 a factor of 9308870?
False
Is 56391027 a multiple of 303?
True
Is 27716091 a multiple of 878?
False
Is 61 a factor of 24678770?
True
Is 143 a factor of 1734476234?
False
Is 3 a factor of 2738960?
False
Is 385349638 a multiple of 179?
False
Is 1842295140 a multiple of 210?
True
Is 55 a factor of 707215300?
True
Is 11050176 a multiple of 64?
True
Is 166247256 a multiple of 84?
True
Is 83545139 a multiple of 5?
False
Does 36 divide 70439256?
True
Does 15 divide 15642?
False
Is 365416930 a multiple of 491?
True
Is 3617 a factor of 1314120669?
False
Is 18107445 a multiple of 52?
False
Does 9 divide 1137570084?
True
Is 137 a factor of 23733542?
False
Does 76 divide 451631368?
True
Is 274355664 a multiple of 88?
True
Is 47 a factor of 157040598?
False
Does 7 divide 181808375?
True
Is 1094083516 a multiple of 746?
False
Is 35969920 a multiple of 98?
True
Does 11187 divide 755038330?
False
Is 147787764 a multiple of 82?
False
Does 79 divide 18243114?
False
Is 4016599329 a multiple of 4399?
True
Is 5164820 a multiple of 1329?
False
Does 499 divide 4193890?
False
Is 43788286 a multiple of 374?
False
Does 511 divide 73740405?
False
Does 84 divide 1227047892?
True
Does 306 divide 66207996?
True
Does 96 divide 55494175?
False
Is 450018553 a multiple of 19?
True
Is 64 a factor of 63713746?
False
Is 121 a factor of 303228795?
False
Is 1628583120 a multiple of 5163?
False
Is 13 a factor of 63214775?
True
Is 510301218 a multiple of 44?
False
Is 1954 a factor of 61263762?
True
Is 617254072 a multiple of 7976?
False
Does 44 divide 26134284?
True
Does 11 divide 204766964?
False
Is 579748842 a multiple of 22?
False
Is 1004260 a multiple of 337?
True
Is 22 a factor of 37656652?
True
Is 4809031947 a multiple of 13?
False
Is 332353204 a multiple of 21?
False
Is 298 a factor of 586303501?
False
Is 848268 a multiple of 1437?
False
Is 30523494 a multiple of 2719?
True
Does 14 divide 12697580?
True
Does 3593 divide 34167197?
False
Does 882 divide 1214261748?
True
Does 8 divide 419964165?
False
Does 194 divide 15573923?
False
Does 244 divide 87737154?
False
Is 33 a factor of 757033697?
False
Is 5556 a factor of 1456849824?
False
Does 9 divide 11107606?
False
Is 244958 a multiple of 7?
True
Does 637 divide 3858309?
True
Does 140 divide 267906940?
True
Does 6 divide 290203758?
True
Is 10833103 a multiple of 26?
False
Is 4 a factor of 50456965?
False
Does 126 divide 15666102?
False
Is 219403 a multiple of 2?
False
Is 11911596 a multiple of 3056?
False
Is 14 a factor of 36520246?
True
Is 16700184 a multiple of 36?
True
Is 58719500 a multiple of 250?
True
Does 1925 divide 283087480?
False
Is 17 a factor of 14627463?
True
Does 553 divide 14564782?
False
Is 9 a factor of 146496076?
False
Is 163 a factor of 29486211?
True
Does 331 divide 53770983?
False
Does 446 divide 1656102540?
False
Is 23021243 a multiple of 38?
False
Is 139822704 a multiple of 3312?
True
Does 907 divide 486365145?
True
Does 406 divide 178317636?
True
Is 1410612334 a multiple of 238?
False
Does 206 divide 1918396012?
True
Is 308 a factor of 466019717?
False
Does 436 divide 14715552?
False
Is 1247227293 a multiple of 4282?
False
Does 638 divide 211017227?
False
Is 11 a factor of 630579429?
False
Is 71853705 a multiple of 554?
False
Does 101 divide 1421139791?
True
Is 57197312 a multiple of 188?
False
Is 412052429 a multiple of 1048?
False
Is 914850797 a multiple of 305?
False
Is 650140104 a multiple of 31?
False
Is 554270145 a multiple of 4719?
True
Is 50 a factor of 1454150650?
True
Does 240 divide 86919523?
False
Does 197 divide 40403389?
False
Is 2000 a factor of 9277704?
False
Is 3114 a factor of 21796168?
False
Does 150 divide 164120666?
False
Is 3553 a factor of 230323225?
True
Is 860067741 a multiple of 1890?
False
Does 39 divide 690139092?
False
Is 27479432 a multiple of 165?
False
Is 47260224 a multiple of 1164?
False
Does 6 divide 560294898?
True
Is 51485822 a multiple of 38?
False
Is 35 a factor of 96373970?
True
Is 377854405 a multiple of 2?
False
Does 9 divide 22891428?
True
Is 150 a factor of 218313218?
False
Is 1770 a factor of 175937114